{"id":1483,"date":"2022-02-06T21:54:50","date_gmt":"2022-02-07T02:54:50","guid":{"rendered":"https:\/\/psdimportaciones.com\/?page_id=1483"},"modified":"2023-03-20T13:13:21","modified_gmt":"2023-03-20T18:13:21","slug":"alarmas","status":"publish","type":"page","link":"https:\/\/psdimportaciones.com\/index.php\/alarmas\/","title":{"rendered":"Alarmas"},"content":{"rendered":"<h2>ALARMAS<\/h2>\n<h2>KIT DE ALARMA INAL\u00c1MBRICA INTELBRAS<\/h2>\n<ul>\n<li>\n<h6>Central intelbras<\/h6>\n<\/li>\n<li>\n<h6>1 sensor infrarrojo<\/h6>\n<\/li>\n<li>\n<h6>2 magn\u00e9ticos<\/h6>\n<\/li>\n<li>\n<h6>2 controles<\/h6>\n<\/li>\n<li>\n<h6>1 sirena peque\u00f1a<\/h6>\n<\/li>\n<\/ul>\n<p><img loading=\"lazy\" decoding=\"async\" width=\"768\" height=\"768\" src=\"https:\/\/psdimportaciones.com\/wp-content\/uploads\/2023\/03\/intelbraS-768x768.jpg\" alt=\"\" loading=\"lazy\" srcset=\"https:\/\/psdimportaciones.com\/wp-content\/uploads\/2023\/03\/intelbraS-768x768.jpg 768w, https:\/\/psdimportaciones.com\/wp-content\/uploads\/2023\/03\/intelbraS-300x300.jpg 300w, https:\/\/psdimportaciones.com\/wp-content\/uploads\/2023\/03\/intelbraS-1024x1024.jpg 1024w, https:\/\/psdimportaciones.com\/wp-content\/uploads\/2023\/03\/intelbraS-150x150.jpg 150w, https:\/\/psdimportaciones.com\/wp-content\/uploads\/2023\/03\/intelbraS.jpg 1080w\" sizes=\"auto, (max-width: 768px) 100vw, 768px\"><\/p>\n<h2>ALARMA INAL\u00c1MBRICA AIR PRO MAX HIKVISION<\/h2>\n<h2>Kit Alarma Inalambrica Hikvision Wifi Gsm Ds-pwa64 Ax Pro<\/h2>\n<ul>\n<li>\n<h6>Soporta hasta 64 zonas o salidas de alarma<\/h6>\n<\/li>\n<li>\n<h6>Soporta hasta 8 lectores Tag<\/h6>\n<\/li>\n<li>\n<h6>Soporta hasta 4 sirenas inal\u00e1mbricas<\/h6>\n<\/li>\n<li>\n<h6>Soporta hasta 2 repetidores<\/h6>\n<\/li>\n<li>\n<h6>Indicaci\u00f3n de voz para la configuraci\u00f3n y operaci\u00f3n<\/h6>\n<\/li>\n<\/ul>\n<p><img loading=\"lazy\" decoding=\"async\" width=\"300\" height=\"300\" src=\"https:\/\/psdimportaciones.com\/wp-content\/uploads\/2022\/02\/KIT-ALARMA-INALAMBRICA-AX-PRO-300x300.jpg\" alt=\"\" loading=\"lazy\" srcset=\"https:\/\/psdimportaciones.com\/wp-content\/uploads\/2022\/02\/KIT-ALARMA-INALAMBRICA-AX-PRO-300x300.jpg 300w, https:\/\/psdimportaciones.com\/wp-content\/uploads\/2022\/02\/KIT-ALARMA-INALAMBRICA-AX-PRO-150x150.jpg 150w, https:\/\/psdimportaciones.com\/wp-content\/uploads\/2022\/02\/KIT-ALARMA-INALAMBRICA-AX-PRO.jpg 600w\" sizes=\"auto, (max-width: 300px) 100vw, 300px\"><br \/>\n<a href=\"https:\/\/psdimportaciones.com\/#idservicios\" role=\"button\"><br \/>\nHome<br \/>\n<\/a><\/p>\n","protected":false},"excerpt":{"rendered":"<p>ALARMAS KIT DE ALARMA INAL\u00c1MBRICA INTELBRAS Central intelbras 1 sensor infrarrojo 2 magn\u00e9ticos 2 controles 1 sirena peque\u00f1a ALARMA INAL\u00c1MBRICA AIR PRO MAX HIKVISION Kit Alarma Inalambrica Hikvision Wifi Gsm Ds-pwa64 Ax Pro Soporta hasta 64 zonas o salidas de alarma Soporta hasta 8 lectores Tag Soporta hasta 4 sirenas inal\u00e1mbricas Soporta hasta 2 repetidores [&hellip;]<\/p>\n","protected":false},"author":1,"featured_media":0,"parent":0,"menu_order":0,"comment_status":"closed","ping_status":"closed","template":"","meta":{"om_disable_all_campaigns":false,"_monsterinsights_skip_tracking":false,"_monsterinsights_sitenote_active":false,"_monsterinsights_sitenote_note":"","_monsterinsights_sitenote_category":0,"site-sidebar-layout":"no-sidebar","site-content-layout":"page-builder","ast-site-content-layout":"default","site-content-style":"default","site-sidebar-style":"default","ast-global-header-display":"","ast-banner-title-visibility":"","ast-main-header-display":"","ast-hfb-above-header-display":"","ast-hfb-below-header-display":"","ast-hfb-mobile-header-display":"","site-post-title":"disabled","ast-breadcrumbs-content":"","ast-featured-img":"disabled","footer-sml-layout":"","ast-disable-related-posts":"","theme-transparent-header-meta":"default","adv-header-id-meta":"","stick-header-meta":"","header-above-stick-meta":"","header-main-stick-meta":"","header-below-stick-meta":"","astra-migrate-meta-layouts":"default","ast-page-background-enabled":"default","ast-page-background-meta":{"desktop":{"background-color":"","background-image":"","background-repeat":"repeat","background-position":"center center","background-size":"auto","background-attachment":"scroll","background-type":"","background-media":"","overlay-type":"","overlay-color":"","overlay-opacity":"","overlay-gradient":""},"tablet":{"background-color":"","background-image":"","background-repeat":"repeat","background-position":"center center","background-size":"auto","background-attachment":"scroll","background-type":"","background-media":"","overlay-type":"","overlay-color":"","overlay-opacity":"","overlay-gradient":""},"mobile":{"background-color":"","background-image":"","background-repeat":"repeat","background-position":"center center","background-size":"auto","background-attachment":"scroll","background-type":"","background-media":"","overlay-type":"","overlay-color":"","overlay-opacity":"","overlay-gradient":""}},"ast-content-background-meta":{"desktop":{"background-color":"var(--ast-global-color-5)","background-image":"","background-repeat":"repeat","background-position":"center center","background-size":"auto","background-attachment":"scroll","background-type":"","background-media":"","overlay-type":"","overlay-color":"","overlay-opacity":"","overlay-gradient":""},"tablet":{"background-color":"var(--ast-global-color-5)","background-image":"","background-repeat":"repeat","background-position":"center center","background-size":"auto","background-attachment":"scroll","background-type":"","background-media":"","overlay-type":"","overlay-color":"","overlay-opacity":"","overlay-gradient":""},"mobile":{"background-color":"var(--ast-global-color-5)","background-image":"","background-repeat":"repeat","background-position":"center center","background-size":"auto","background-attachment":"scroll","background-type":"","background-media":"","overlay-type":"","overlay-color":"","overlay-opacity":"","overlay-gradient":""}},"footnotes":""},"class_list":["post-1483","page","type-page","status-publish","hentry"],"aioseo_notices":[],"_links":{"self":[{"href":"https:\/\/psdimportaciones.com\/index.php\/wp-json\/wp\/v2\/pages\/1483","targetHints":{"allow":["GET"]}}],"collection":[{"href":"https:\/\/psdimportaciones.com\/index.php\/wp-json\/wp\/v2\/pages"}],"about":[{"href":"https:\/\/psdimportaciones.com\/index.php\/wp-json\/wp\/v2\/types\/page"}],"author":[{"embeddable":true,"href":"https:\/\/psdimportaciones.com\/index.php\/wp-json\/wp\/v2\/users\/1"}],"replies":[{"embeddable":true,"href":"https:\/\/psdimportaciones.com\/index.php\/wp-json\/wp\/v2\/comments?post=1483"}],"version-history":[{"count":71,"href":"https:\/\/psdimportaciones.com\/index.php\/wp-json\/wp\/v2\/pages\/1483\/revisions"}],"predecessor-version":[{"id":4853,"href":"https:\/\/psdimportaciones.com\/index.php\/wp-json\/wp\/v2\/pages\/1483\/revisions\/4853"}],"wp:attachment":[{"href":"https:\/\/psdimportaciones.com\/index.php\/wp-json\/wp\/v2\/media?parent=1483"}],"curies":[{"name":"wp","href":"https:\/\/api.w.org\/{rel}","templated":true}]}}